{"id":421,"date":"2023-08-22T02:11:41","date_gmt":"2023-08-22T02:11:41","guid":{"rendered":"https:\/\/masteri.starfruit.com.vn\/?page_id=421"},"modified":"2023-11-28T07:48:43","modified_gmt":"2023-11-28T07:48:43","slug":"chinh-sach-ban-hang","status":"publish","type":"page","link":"https:\/\/masterisehomes.com\/masteri-waterfront\/chinh-sach-ban-hang\/","title":{"rendered":"Ch\u00ednh s\u00e1ch b\u00e1n h\u00e0ng"},"content":{"rendered":"\n<p><strong>C\u1eadp nh\u1eadt th\u00f4ng tin \u201cCh\u00ednh s\u00e1ch b\u00e1n h\u00e0ng Masteri Waterfront\u201d m\u1edbi nh\u1ea5t <\/strong><\/p>\n\n\n\n<h2 class=\"wp-block-heading\">Gi\u00e1 b\u00e1n c\u0103n h\u1ed9 Masteri Waterfront<\/h2>\n\n\n\n<figure class=\"wp-block-table\"><table><tbody><tr><th>LO\u1ea0I H\u00ccNH<\/th><th>DI\u1ec6N T\u00cdCH<\/th><th>GI\u00c1 B\u00c1N<\/th><\/tr><tr><td>C\u0103n h\u1ed9 Studio<\/td><td>25.41 \u2013 35.10 m2<\/td><td>1.5 \u2013 1.7 t\u1ef7<\/td><\/tr><tr><td>C\u0103n h\u1ed9 1PN+1 view n\u1ed9i khu<\/td><td>41.57 \u2013 47.61 m2<\/td><td>2 \u2013 2.6 t\u1ef7<\/td><\/tr><tr><td>C\u0103n h\u1ed9 1PN+1 view h\u1ed3<\/td><td>41.62 \u2013 48.01 m2<\/td><td>2.6 \u2013 3.3 t\u1ef7<\/td><\/tr><tr><td>C\u0103n h\u1ed9 2PN view n\u1ed9i khu<\/td><td>54.17 \u2013 62.68 m2<\/td><td>2.7 \u2013 3.5 t\u1ef7<\/td><\/tr><tr><td>C\u0103n h\u1ed9 2PN view h\u1ed3<\/td><td>53.66 \u2013 62.68 m2<\/td><td>3.5 \u2013 4.3 t\u1ef7<\/td><\/tr><tr><td>C\u0103n h\u1ed9 2PN+1 view n\u1ed9i khu<\/td><td>62.97 \u2013 64.24 m2<\/td><td>3.1 \u2013 3.8 t\u1ef7<\/td><\/tr><tr><td>C\u0103n h\u1ed9 2PN+1 view h\u1ed3<\/td><td>63.23 \u2013 64.06 m2<\/td><td>4.1 \u2013 4.5 t\u1ef7<\/td><\/tr><tr><td>C\u0103n h\u1ed9 3PN view n\u1ed9i khu<\/td><td>73.89 \u2013 74.97 m2<\/td><td>3.7 \u2013 4.3 t\u1ef7<\/td><\/tr><tr><td>C\u0103n h\u1ed9 3PN view h\u1ed3<\/td><td>74.58 \u2013 79.58 m2<\/td><td>5 \u2013 5.7 t\u1ef7<\/td><\/tr><tr><td>C\u0103n h\u1ed9 \u0111\u1eadp th\u00f4ng<\/td><td>105 \u2013 137 m2<\/td><td>6 \u2013 8 t\u1ef7<\/td><\/tr><\/tbody><\/table><\/figure>\n\n\n\n<h2 class=\"wp-block-heading\">CH\u00cdNH S\u00c1CH B\u00c1N H\u00c0NG MASTERI WATERFONT \u2013 TR\u1ef0C TI\u1ebeP C\u0110T<\/h2>\n\n\n\n<p>Ch\u00ednh s\u00e1ch thanh to\u00e1n v\u00e0 ti\u1ebfn \u0111\u1ed9 thanh to\u00e1n n\u00e0y \u00e1p d\u1ee5ng \u0111\u1ed1i v\u1edbi c\u00e1c t\u00f2a c\u0103n h\u1ed9:\u00a0t\u00f2a L26 (M3),\u00a0t\u00f2a L26M (M1).\u00a0c\u1ee7a d\u1ef1 \u00e1n chung c\u01b0 cao t\u1ea7ng\u00a0<strong>Masteri Waterfront<\/strong>.<\/p>\n\n\n\n<h3 class=\"wp-block-heading\">I. Ch\u00ednh s\u00e1ch thanh to\u00e1n v\u00e0 Ti\u1ebfn \u0111\u1ed9 thanh to\u00e1n<\/h3>\n\n\n\n<p>Th\u1eddi gian \u00e1p d\u1ee5ng: t\u1eeb 13\/12\/2022 cho \u0111\u1ebfn ng\u00e0y 31\/01\/2023, ho\u1eb7c \u0111\u1ebfn khi c\u00f3 ch\u00ednh s\u00e1ch kh\u00e1c thay th\u1ebf.<\/p>\n\n\n\n<p><strong>Ch\u00ednh s\u00e1ch thanh to\u00e1n Masteri Waterfront c\u1ee5 th\u1ec3 nh\u01b0 sau:<\/strong><\/p>\n\n\n\n<h4 class=\"wp-block-heading\">1. Ch\u00ednh s\u00e1ch thanh to\u00e1n theo s\u1ea3n ph\u1ea9m vay chu\u1ea9n<\/h4>\n\n\n\n<p>Tr\u01b0\u1eddng h\u1ee3p kh\u00e1ch h\u00e0ng l\u1ef1a ch\u1ecdn thanh to\u00e1n b\u1eb1ng v\u1ed1n vay ng\u00e2n h\u00e0ng 80% gi\u00e1 b\u00e1n (g\u1ed3m VAT), kh\u00e1ch h\u00e0ng \u0111\u01b0\u1ee3c nh\u1eadn h\u1ed7 tr\u1ee3 l\u00e3i su\u1ea5t (HTLS) v\u00e0 ph\u00ed tr\u1ea3 n\u1ee3 tr\u01b0\u1edbc h\u1ea1n t\u1eeb ch\u1ee7 \u0111\u1ea7u t\u01b0 nh\u01b0 sau:<\/p>\n\n\n\n<figure class=\"wp-block-table\"><table><tbody><tr><th>CH\u00cdNH S\u00c1CH<\/th><th>CHI TI\u1ebeT<\/th><\/tr><tr><td>M\u1ee9c d\u01b0 n\u1ee3 vay<\/td><td><strong>80%<\/strong>&nbsp;gi\u00e1 b\u00e1n (\u0111\u00e3 bao g\u1ed3m VAT)<\/td><\/tr><tr><td>M\u1ee9c d\u01b0 n\u1ee3 \u0111\u01b0\u1ee3c h\u01b0\u1edfng HTLS<\/td><td><strong>80%<\/strong>&nbsp;gi\u00e1 b\u00e1n (\u0111\u00e3 bao g\u1ed3m VAT)<\/td><\/tr><tr><td>L\u00e3i su\u1ea5t v\u00e0 th\u1eddi gian HTLS<\/td><td>L\u00e3i su\u1ea5t&nbsp;<strong>0%<\/strong>&nbsp;k\u1ec3 t\u1eeb ng\u00e0y gi\u1ea3i ng\u00e2n t\u1edbi kh\u00f4ng qu\u00e1 ng\u00e0y&nbsp;<strong>31\/05\/2024<\/strong><\/td><\/tr><tr><td>Th\u1eddi gian \u00c2n h\u1ea1n n\u1ee3 g\u1ed1c<\/td><td>K\u1ec3 t\u1eeb ng\u00e0y gi\u1ea3i ng\u00e2n t\u1edbi kh\u00f4ng qu\u00e1 ng\u00e0y 31\/05\/2024<\/td><\/tr><tr><td>Ph\u00ed tr\u1ea3 n\u1ee3 tr\u01b0\u1edbc h\u1ea1n trong th\u1eddi gian HTLS<\/td><td><strong>0%<\/strong><\/td><\/tr><\/tbody><\/table><\/figure>\n\n\n\n<p>Chi ti\u1ebft ti\u1ebfn \u0111\u1ed9 gi\u1ea3i ng\u00e2n thanh to\u00e1n:<\/p>\n\n\n\n<figure class=\"wp-block-table\"><table><tbody><tr><th>\u0110\u1ee2T THANH TO\u00c1N<\/th><th>KH THANH TO\u00c1N<\/th><th>NG\u00c2N H\u00c0NG GI\u1ea2I NG\u00c2N<\/th><\/tr><tr><td>K\u00fd X\u00e1c nh\u1eadn \u0111\u0103ng k\u00fd v\u00e0 Thanh to\u00e1n \u0111i\u1ec1n \u0111\u1eb7t c\u1ecdc<\/td><td><strong>50.000.000<\/strong>&nbsp;vn\u0111\/c\u0103n<\/td><td><\/td><\/tr><tr><td><strong>\u0110\u1ee3t 1:<\/strong>&nbsp;trong v\u00f2ng 07 ng\u00e0y k\u1ec3 t\u1eeb ng\u00e0y k\u00fd X\u00e1c nh\u1eadn \u0111\u0103ng k\u00fd \u2013&nbsp;<strong>K\u00fd H\u0110MB<\/strong><\/td><td><strong>10%<\/strong>&nbsp;(g\u1ed3m VAT) sau khi tr\u1eeb ti\u1ec1n c\u1ecdc<\/td><td><\/td><\/tr><tr><td><strong>\u0110\u1ee3t 2:<\/strong>&nbsp;trong v\u00f2ng 30 ng\u00e0y k\u1ec3 t\u1eeb ng\u00e0y thanh to\u00e1n \u0111\u1ee3t 1<\/td><td><strong>10%<\/strong>&nbsp;(g\u1ed3m VAT)<\/td><td><strong>70%<\/strong>&nbsp;(g\u1ed3m VAT)<\/td><\/tr><tr><td><strong>\u0110\u1ee3t 3:<\/strong>&nbsp;Theo th\u00f4ng b\u00e1o b\u00e0n giao c\u0103n h\u1ed9<\/td><td><strong>2%<\/strong>&nbsp;Kinh ph\u00ed b\u1ea3o tr\u00ec<\/td><td><strong>10%<\/strong>&nbsp;(g\u1ed3m VAT)<\/td><\/tr><\/tbody><\/table><\/figure>\n\n\n\n<h4 class=\"wp-block-heading\">2. Ch\u00ednh s\u00e1ch thanh to\u00e1n b\u1eb1ng V\u1ed1n t\u1ef1 c\u00f3<\/h4>\n\n\n\n<p>Tr\u01b0\u1eddng h\u1ee3p kh\u00e1ch h\u00e0ng l\u1ef1a ch\u1ecdn ph\u01b0\u01a1ng \u00e1n thanh to\u00e1n b\u1eb1ng v\u1ed1n t\u1ef1 c\u00f3 s\u1ebd nh\u1eadn \u0111\u01b0\u1ee3c g\u00f3i qu\u00e0 t\u1eb7ng chi\u1ebft kh\u1ea5u, r\u1eeb th\u1eb3ng tr\u1ef1c ti\u1ebfp v\u00e0o\u00a0<strong>gi\u00e1 b\u00e1n c\u0103n h\u1ed9 Masteri Waterfront<\/strong>\u00a0(gi\u00e1 tr\u01b0\u1edbc VAT v\u00e0 KPBT), c\u1ee5 th\u1ec3:<\/p>\n\n\n\n<ul class=\"wp-block-list\">\n<li><strong>Thanh to\u00e1n theo ti\u1ebfn \u0111\u1ed9 chu\u1eadn:<\/strong>&nbsp;Chi\u1ebft kh\u1ea5u&nbsp;<strong>5%<\/strong>&nbsp;gi\u00e1 b\u00e1n<\/li>\n\n\n\n<li><strong>Thanh to\u00e1n s\u1edbm ti\u1ebfn \u0111\u1ed9:<\/strong>&nbsp;Chi\u1ebft kh\u1ea5u&nbsp;<strong>7.5%<\/strong>&nbsp;gi\u00e1 b\u00e1n<\/li>\n<\/ul>\n\n\n\n<figure class=\"wp-block-table\"><table><tbody><tr><th>\u0110\u1ee2T THANH TO\u00c1N<\/th><th>THANH TO\u00c1N CHU\u1ea8N<\/th><th>THANH TO\u00c1N S\u1edaM<\/th><\/tr><tr><td>K\u00fd X\u00e1c nh\u1eadn \u0111\u0103ng k\u00fd v\u00e0 Thanh to\u00e1n \u0111i\u1ec1n \u0111\u1eb7t c\u1ecdc<\/td><td><strong>50.000.000<\/strong>&nbsp;vn\u0111\/c\u0103n<\/td><td><\/td><\/tr><tr><td><strong>\u0110\u1ee3t 1:<\/strong>&nbsp;trong v\u00f2ng 07 ng\u00e0y k\u1ec3 t\u1eeb ng\u00e0y k\u00fd X\u00e1c nh\u1eadn \u0111\u0103ng k\u00fd \u2013&nbsp;<strong>K\u00fd H\u0110MB<\/strong><\/td><td><strong>10%<\/strong>&nbsp;(g\u1ed3m VAT) sau khi tr\u1eeb ti\u1ec1n c\u1ecdc&nbsp;<strong>5%<\/strong>&nbsp;(g\u1ed3m VAT) v\u00e0o TT\u0110C th\u1ef1c hi\u1ec7n H\u0110MB ( \u0111\u01b0\u1ee3c tr\u1ea3 l\u00e3i&nbsp;<strong>9%\/n\u0103m<\/strong>&nbsp;t\u1edbi khi nh\u1eadn gi\u1ea5y ch\u1ee9ng nh\u1eadn quy\u1ec1n s\u1edf h\u1eefu nh\u00e0<\/td><td><strong>30%<\/strong>&nbsp;(g\u1ed3m VAT) sau khi tr\u1eeb ti\u1ec1n c\u1ecdc<\/td><\/tr><tr><td><strong>\u0110\u1ee3t 2:<\/strong>&nbsp;trong v\u00f2ng 30 ng\u00e0y k\u1ec3 t\u1eeb ng\u00e0y thanh to\u00e1n \u0111\u1ee3t 1 (ch\u1eadm nh\u1ea5t ng\u00e0y 10\/08\/2023)<\/td><td><strong>30%<\/strong>&nbsp;(g\u1ed3m VAT)<\/td><td><strong>70%<\/strong>&nbsp;(g\u1ed3m VAT)<\/td><\/tr><tr><td><strong>\u0110\u1ee3t 4:<\/strong>&nbsp;ch\u1eadm nh\u1ea5t ng\u00e0y&nbsp;<strong>10\/09\/2023<\/strong><\/td><td><strong>30%<\/strong>&nbsp;(g\u1ed3m VAT)<\/td><td><\/td><\/tr><tr><td><strong>\u0110\u1ee3t 5:<\/strong>&nbsp;theo th\u00f4ng b\u00e1o nh\u1eadn b\u00e0n giao nh\u00e0 c\u1ee7a C\u0110T<\/td><td><strong>25%<\/strong>&nbsp;(g\u1ed3m VAT) +&nbsp;<strong>2%<\/strong>&nbsp;KPBT + VAT c\u1ee7a&nbsp;<strong>5%<\/strong>&nbsp;( kh\u1ea5u tr\u1eeb t\u1eeb gi\u00e1 tr\u1ecb TT\u0110C th\u1ef1c hi\u1ec7n H\u0110MB)<\/td><td><strong>2%<\/strong>&nbsp;Kinh ph\u00ed b\u1ea3o tr\u00ec<\/td><\/tr><tr><td><strong>\u0110\u1ee3t 6:<\/strong>&nbsp;theo th\u00f4ng b\u00e1o nh\u1eadn gi\u1ea5y ch\u1ee9ng nh\u1eadn s\u1edf h\u1eefu<\/td><td><strong>5%<\/strong>&nbsp;(ko g\u1ed3m VAT, kh\u1ea5u tr\u1eeb t\u1eeb gi\u00e1 tr\u1ecb TT\u0110C th\u1ef1c hi\u1ec7n H\u0110MB)<\/td><td><\/td><\/tr><\/tbody><\/table><\/figure>\n\n\n\n<h3 class=\"wp-block-heading\">II. Ch\u00ednh s\u00e1ch \u01b0u \u0111\u00e3i, khuy\u1ebfn m\u00e3i d\u00e0nh cho kh\u00e1ch h\u00e0ng<\/h3>\n\n\n\n<p>Kh\u00e1ch h\u00e0ng \u0111\u01b0\u1ee3c&nbsp;<strong>h\u1ed7 tr\u1ee3 36 th\u00e1ng ph\u00ed qu\u1ea3n l\u00fd<\/strong>&nbsp;k\u1ec3 t\u1eeb th\u1eddi \u0111i\u1ec3m D\u1ef1 \u00e1n \u0111\u1ee7 \u0111i\u1ec1u ki\u1ec7n b\u00e0n giao \u0111\u01b0a v\u00e0o s\u1eed d\u1ee5ng.<\/p>\n\n\n\n<p>C\u01b0 d\u00e2n Masteri Waterfront \u0111\u01b0\u1ee3c s\u1eed d\u1ee5ng t\u1ea5t c\u1ea3 c\u00e1c d\u1ecbch v\u1ee5 v\u00e0 ti\u1ec7n \u00edch chung c\u1ee7a \u0111\u1ea1i \u0111\u00f4 th\u1ecb  v\u00e0 tr\u1ea3 ph\u00ed theo m\u1ee9c ph\u00ed \u00e1p d\u1ee5ng cho c\u01b0 d\u00e2n (n\u1ebfu c\u00f3).<\/p>\n\n\n\n<p><strong>Ph\u00ed ngo\u00e0i t\u00f2a nh\u00e0:<\/strong>&nbsp;4.000 vn\u0111\/m2 th\u00f4ng th\u1ee7y<\/p>\n\n\n\n<p><strong>Ph\u00ed g\u1eedi xe:<\/strong><\/p>\n\n\n\n<ul class=\"wp-block-list\">\n<li>Xe \u00f4 t\u00f4: 1.250.000 vn\u0111\/xe<\/li>\n\n\n\n<li>Xe m\u00e1y: 45.000 vn\u0111\/xe<\/li>\n\n\n\n<li>Xe \u0111i\u1ec7n\/xe \u0111\u1ea1p: 25.000 vn\u0111\/xe<\/li>\n<\/ul>\n\n\n\n<p><strong>V\u00e9 bi\u1ec3n h\u1ed3 Lagoon:<\/strong><\/p>\n\n\n\n<ul class=\"wp-block-list\">\n<li>C\u01b0 d\u00e2n: 200.000 vn\u0111\/v\u00e9<\/li>\n\n\n\n<li>Kh\u00e1ch v\u00e3ng lai: 300.000 vn\u0111\/v\u00e9<\/li>\n<\/ul>\n\n\n\n<p><strong>BBQ ngo\u00e0i tr\u1eddi:<\/strong>&nbsp;200.000 vn\u0111\/nh\u00f3m 5 ng\u01b0\u1eddi\/2 gi\u1edd s\u1eed d\u1ee5ng (n\u1ebfu c\u00f3).<\/p>\n","protected":false},"excerpt":{"rendered":"C\u1eadp nh\u1eadt th\u00f4ng tin \u201cCh\u00ednh s\u00e1ch b\u00e1n h\u00e0ng Masteri Waterfront\u201d m\u1edbi nh\u1ea5t Gi\u00e1 b\u00e1n c\u0103n h\u1ed9 Masteri Waterfront LO\u1ea0I H\u00ccNH DI\u1ec6N T\u00cdCH GI\u00c1 B\u00c1N C\u0103n h\u1ed9 Studio 25.41 \u2013 35.10 m2 1.5 \u2013 1.7 t\u1ef7 C\u0103n h\u1ed9 1PN+1 view n\u1ed9i khu 41.57 \u2013 47.61 m2 2 \u2013 2.6 t\u1ef7 C\u0103n h\u1ed9 1PN+1 view h\u1ed3 41.62&#8230; <a class=\"view-article\" href=\"https:\/\/masterisehomes.com\/masteri-waterfront\/chinh-sach-ban-hang\/\">View Article<\/a>","protected":false},"author":1,"featured_media":1606,"parent":0,"menu_order":0,"comment_status":"closed","ping_status":"closed","template":"template\/page-default.php","meta":{"inline_featured_image":false,"footnotes":""},"class_list":["post-421","page","type-page","status-publish","has-post-thumbnail","hentry"],"yoast_head":"<!-- This site is optimized with the Yoast SEO plugin v20.13 - https:\/\/yoast.com\/wordpress\/plugins\/seo\/ -->\n<title>Ch\u00ednh s\u00e1ch b\u00e1n h\u00e0ng - Masteri Waterfront<\/title>\n<meta name=\"robots\" content=\"index, follow, max-snippet:-1, max-image-preview:large, max-video-preview:-1\" \/>\n<link rel=\"canonical\" href=\"https:\/\/masterisehomes.com\/masteri-waterfront\/chinh-sach-ban-hang\/\" \/>\n<meta property=\"og:locale\" content=\"vi_VN\" \/>\n<meta property=\"og:type\" content=\"article\" \/>\n<meta property=\"og:title\" content=\"Ch\u00ednh s\u00e1ch b\u00e1n h\u00e0ng - Masteri Waterfront\" \/>\n<meta property=\"og:description\" content=\"C\u1eadp nh\u1eadt th\u00f4ng tin \u201cCh\u00ednh s\u00e1ch b\u00e1n h\u00e0ng Masteri Waterfront\u201d m\u1edbi nh\u1ea5t Gi\u00e1 b\u00e1n c\u0103n h\u1ed9 Masteri Waterfront LO\u1ea0I H\u00ccNH DI\u1ec6N T\u00cdCH GI\u00c1 B\u00c1N C\u0103n h\u1ed9 Studio 25.41 \u2013 35.10 m2 1.5 \u2013 1.7 t\u1ef7 C\u0103n h\u1ed9 1PN+1 view n\u1ed9i khu 41.57 \u2013 47.61 m2 2 \u2013 2.6 t\u1ef7 C\u0103n h\u1ed9 1PN+1 view h\u1ed3 41.62... View Article\" \/>\n<meta property=\"og:url\" content=\"https:\/\/masterisehomes.com\/masteri-waterfront\/chinh-sach-ban-hang\/\" \/>\n<meta property=\"og:site_name\" content=\"Masteri Waterfront\" \/>\n<meta property=\"article:modified_time\" content=\"2023-11-28T07:48:43+00:00\" \/>\n<meta property=\"og:image\" content=\"https:\/\/masterisehomes.com\/masteri-waterfront\/wp-content\/uploads\/2023\/08\/PC01-1-scaled.jpg\" \/>\n\t<meta property=\"og:image:width\" content=\"2560\" \/>\n\t<meta property=\"og:image:height\" content=\"1739\" \/>\n\t<meta property=\"og:image:type\" content=\"image\/jpeg\" \/>\n<meta name=\"twitter:card\" content=\"summary_large_image\" \/>\n<meta name=\"twitter:label1\" content=\"Est. reading time\" \/>\n\t<meta name=\"twitter:data1\" content=\"5 minutes\" \/>\n<script type=\"application\/ld+json\" class=\"yoast-schema-graph\">{\"@context\":\"https:\/\/schema.org\",\"@graph\":[{\"@type\":\"WebPage\",\"@id\":\"https:\/\/masterisehomes.com\/masteri-waterfront\/chinh-sach-ban-hang\/\",\"url\":\"https:\/\/masterisehomes.com\/masteri-waterfront\/chinh-sach-ban-hang\/\",\"name\":\"Ch\u00ednh s\u00e1ch b\u00e1n h\u00e0ng - Masteri Waterfront\",\"isPartOf\":{\"@id\":\"https:\/\/masterisehomes.com\/masteri-waterfront\/#website\"},\"datePublished\":\"2023-08-22T02:11:41+00:00\",\"dateModified\":\"2023-11-28T07:48:43+00:00\",\"breadcrumb\":{\"@id\":\"https:\/\/masterisehomes.com\/masteri-waterfront\/chinh-sach-ban-hang\/#breadcrumb\"},\"inLanguage\":\"vi-VN\",\"potentialAction\":[{\"@type\":\"ReadAction\",\"target\":[\"https:\/\/masterisehomes.com\/masteri-waterfront\/chinh-sach-ban-hang\/\"]}]},{\"@type\":\"BreadcrumbList\",\"@id\":\"https:\/\/masterisehomes.com\/masteri-waterfront\/chinh-sach-ban-hang\/#breadcrumb\",\"itemListElement\":[{\"@type\":\"ListItem\",\"position\":1,\"name\":\"Home\",\"item\":\"https:\/\/masterisehomes.com\/masteri-waterfront\/\"},{\"@type\":\"ListItem\",\"position\":2,\"name\":\"Ch\u00ednh s\u00e1ch b\u00e1n h\u00e0ng\"}]},{\"@type\":\"WebSite\",\"@id\":\"https:\/\/masterisehomes.com\/masteri-waterfront\/#website\",\"url\":\"https:\/\/masterisehomes.com\/masteri-waterfront\/\",\"name\":\"Masteri Waterfront\",\"description\":\"Masteri Waterfront\",\"potentialAction\":[{\"@type\":\"SearchAction\",\"target\":{\"@type\":\"EntryPoint\",\"urlTemplate\":\"https:\/\/masterisehomes.com\/masteri-waterfront\/?s={search_term_string}\"},\"query-input\":\"required name=search_term_string\"}],\"inLanguage\":\"vi-VN\"}]}<\/script>\n<!-- \/ Yoast SEO plugin. -->","yoast_head_json":{"title":"Ch\u00ednh s\u00e1ch b\u00e1n h\u00e0ng - Masteri Waterfront","robots":{"index":"index","follow":"follow","max-snippet":"max-snippet:-1","max-image-preview":"max-image-preview:large","max-video-preview":"max-video-preview:-1"},"canonical":"https:\/\/masterisehomes.com\/masteri-waterfront\/chinh-sach-ban-hang\/","og_locale":"vi_VN","og_type":"article","og_title":"Ch\u00ednh s\u00e1ch b\u00e1n h\u00e0ng - Masteri Waterfront","og_description":"C\u1eadp nh\u1eadt th\u00f4ng tin \u201cCh\u00ednh s\u00e1ch b\u00e1n h\u00e0ng Masteri Waterfront\u201d m\u1edbi nh\u1ea5t Gi\u00e1 b\u00e1n c\u0103n h\u1ed9 Masteri Waterfront LO\u1ea0I H\u00ccNH DI\u1ec6N T\u00cdCH GI\u00c1 B\u00c1N C\u0103n h\u1ed9 Studio 25.41 \u2013 35.10 m2 1.5 \u2013 1.7 t\u1ef7 C\u0103n h\u1ed9 1PN+1 view n\u1ed9i khu 41.57 \u2013 47.61 m2 2 \u2013 2.6 t\u1ef7 C\u0103n h\u1ed9 1PN+1 view h\u1ed3 41.62... View Article","og_url":"https:\/\/masterisehomes.com\/masteri-waterfront\/chinh-sach-ban-hang\/","og_site_name":"Masteri Waterfront","article_modified_time":"2023-11-28T07:48:43+00:00","og_image":[{"width":2560,"height":1739,"url":"https:\/\/masterisehomes.com\/masteri-waterfront\/wp-content\/uploads\/2023\/08\/PC01-1-scaled.jpg","type":"image\/jpeg"}],"twitter_card":"summary_large_image","twitter_misc":{"Est. reading time":"5 minutes"},"schema":{"@context":"https:\/\/schema.org","@graph":[{"@type":"WebPage","@id":"https:\/\/masterisehomes.com\/masteri-waterfront\/chinh-sach-ban-hang\/","url":"https:\/\/masterisehomes.com\/masteri-waterfront\/chinh-sach-ban-hang\/","name":"Ch\u00ednh s\u00e1ch b\u00e1n h\u00e0ng - Masteri Waterfront","isPartOf":{"@id":"https:\/\/masterisehomes.com\/masteri-waterfront\/#website"},"datePublished":"2023-08-22T02:11:41+00:00","dateModified":"2023-11-28T07:48:43+00:00","breadcrumb":{"@id":"https:\/\/masterisehomes.com\/masteri-waterfront\/chinh-sach-ban-hang\/#breadcrumb"},"inLanguage":"vi-VN","potentialAction":[{"@type":"ReadAction","target":["https:\/\/masterisehomes.com\/masteri-waterfront\/chinh-sach-ban-hang\/"]}]},{"@type":"BreadcrumbList","@id":"https:\/\/masterisehomes.com\/masteri-waterfront\/chinh-sach-ban-hang\/#breadcrumb","itemListElement":[{"@type":"ListItem","position":1,"name":"Home","item":"https:\/\/masterisehomes.com\/masteri-waterfront\/"},{"@type":"ListItem","position":2,"name":"Ch\u00ednh s\u00e1ch b\u00e1n h\u00e0ng"}]},{"@type":"WebSite","@id":"https:\/\/masterisehomes.com\/masteri-waterfront\/#website","url":"https:\/\/masterisehomes.com\/masteri-waterfront\/","name":"Masteri Waterfront","description":"Masteri Waterfront","potentialAction":[{"@type":"SearchAction","target":{"@type":"EntryPoint","urlTemplate":"https:\/\/masterisehomes.com\/masteri-waterfront\/?s={search_term_string}"},"query-input":"required name=search_term_string"}],"inLanguage":"vi-VN"}]}},"acf":{"background_banner_sale":"https:\/\/masterisehomes.com\/masteri-waterfront\/wp-content\/uploads\/2023\/08\/Rectangle-23.png","title_banner_sale":"Ch\u00ednh s\u00e1ch b\u00e1n h\u00e0ng","breadcrumb_banner_sale":[{"name":"Home","link":"https:\/\/masteri.starfruit.com.vn\/"},{"name":"Ch\u00ednh s\u00e1ch b\u00e1n h\u00e0ng","link":"https:\/\/masteri.starfruit.com.vn\/chinh-sach-ban-hang\/"}],"title_discount_sale":"Ch\u01b0\u01a1ng tr\u00ecnh khuy\u1ebfn m\u00e3i","img_discount_sale":"https:\/\/masterisehomes.com\/masteri-waterfront\/wp-content\/uploads\/2023\/09\/Picture1.jpg","subtitle_discount_sale":"CH\u01af\u01a0NG TR\u00ccNH TRI \u00c2N XU\u00c2N QU\u00dd M\u00c3O","name_discount_sale":"MUA NH\u00c0 XU\u00c2N SANG <br>\u0110\u00d3N M\u01afA L\u1ed8C V\u00c0NG","content_discount_sale":"<p>T\u1eb7ng ngay qu\u00e0 t\u1eb7ng l\u00ean t\u1edbi 2 c\u00e2y v\u00e0ng 9999*<\/p>\n<p>\u0110\u1ed3ng th\u1eddi, Ch\u1ee7 \u0110\u1ea7u t\u01b0 c\u00f2n mang \u0111\u1ebfn nhi\u1ec1u ch\u00ednh s\u00e1ch h\u1ed7 tr\u1ee3 t\u00e0i ch\u00ednh h\u1ea5p d\u1eabn:<\/p>\n<ol>\n<li>H\u1ed7 tr\u1ee3 36 th\u00e1ng ph\u00ed qu\u1ea3n l\u00fd<\/li>\n<li>H\u1ed7 tr\u1ee3 36 th\u00e1ng ph\u00ed \u0111\u1ed7 xe cho c\u00e1c c\u0103n h\u1ed9<\/li>\n<li>H\u1ed7 tr\u1ee3 vay t\u1edbi 80% gi\u00e1 tr\u1ecb c\u0103n h\u1ed9<\/li>\n<li>H\u1ed7 tr\u1ee3 l\u00e3i su\u1ea5t 0% k\u1ec3 t\u1eeb ng\u00e0y gi\u1ea3i ng\u00e2n t\u1edbi ng\u00e0y 31\/05\/2024<\/li>\n<\/ol>\n<p>*\u00c1p d\u1ee5ng c\u00f3 \u0111i\u1ec1u ki\u1ec7n: B\u1eaft \u0111\u1ea7u t\u1eeb ng\u00e0y 10\/02\/2023 \u0111\u1ebfn h\u1ebft 31\/03\/2023<\/p>\n","title_support_sale":"H\u1ed7 tr\u1ee3 t\u00e0i ch\u00ednh","img_support_sale":"https:\/\/masterisehomes.com\/masteri-waterfront\/wp-content\/uploads\/2023\/08\/coK8XWuy7GkanSijZQWtOp1aSykf1eqaZ3oS1gS6-1.jpg"},"_links":{"self":[{"href":"https:\/\/masterisehomes.com\/masteri-waterfront\/wp-json\/wp\/v2\/pages\/421","targetHints":{"allow":["GET"]}}],"collection":[{"href":"https:\/\/masterisehomes.com\/masteri-waterfront\/wp-json\/wp\/v2\/pages"}],"about":[{"href":"https:\/\/masterisehomes.com\/masteri-waterfront\/wp-json\/wp\/v2\/types\/page"}],"author":[{"embeddable":true,"href":"https:\/\/masterisehomes.com\/masteri-waterfront\/wp-json\/wp\/v2\/users\/1"}],"replies":[{"embeddable":true,"href":"https:\/\/masterisehomes.com\/masteri-waterfront\/wp-json\/wp\/v2\/comments?post=421"}],"version-history":[{"count":10,"href":"https:\/\/masterisehomes.com\/masteri-waterfront\/wp-json\/wp\/v2\/pages\/421\/revisions"}],"predecessor-version":[{"id":4192,"href":"https:\/\/masterisehomes.com\/masteri-waterfront\/wp-json\/wp\/v2\/pages\/421\/revisions\/4192"}],"wp:featuredmedia":[{"embeddable":true,"href":"https:\/\/masterisehomes.com\/masteri-waterfront\/wp-json\/wp\/v2\/media\/1606"}],"wp:attachment":[{"href":"https:\/\/masterisehomes.com\/masteri-waterfront\/wp-json\/wp\/v2\/media?parent=421"}],"curies":[{"name":"wp","href":"https:\/\/api.w.org\/{rel}","templated":true}]}}