{"id":3260,"date":"2023-09-22T08:07:27","date_gmt":"2023-09-22T08:07:27","guid":{"rendered":"https:\/\/masteri.starfruit.com.vn\/?page_id=3260"},"modified":"2023-09-22T08:17:00","modified_gmt":"2023-09-22T08:17:00","slug":"privacy-policy","status":"publish","type":"page","link":"https:\/\/masterisehomes.com\/masteri-waterfront\/privacy-policy\/","title":{"rendered":"Privacy Policy"},"content":{"rendered":"\n<h3 class=\"wp-block-heading\"><em>N\u01a0I T\u1eacN H\u01af\u1edeNG<br>KHO\u1ea2NH KH\u1eaeC B\u00ccNH Y\u00caN<\/em><\/h3>\n\n\n\n<p>N\u01a1i m\u00e0 b\u1ea1n c\u00f3 th\u1ec3 c\u1ea3m nh\u1eadn c\u00e1i \u00f4m \u00eam d\u1ecbu t\u1eeb thi\u00ean nhi\u00ean. T\u00e2m h\u1ed3n \u0111\u01b0\u1ee3c v\u1ed7 v\u1ec1 khi d\u00e0nh nh\u1eefng ph\u00fat b\u00ecnh y\u00ean l\u1eafng \u0111\u1ecdng ng\u1eafm nh\u00ecn quang c\u1ea3nh bi\u1ec3n h\u1ed3 r\u1ed9ng l\u1edbn, h\u00edt th\u1edf<br>b\u1ea7u kh\u00f4ng kh\u00ed trong l\u00e0nh, hay \u0111i d\u1ea1o quanh cung \u0111\u01b0\u1eddng th\u01a1 m\u1ed9ng \u0111\u01b0\u1ee3c bao b\u1ecdc b\u1edfi kh\u00f4ng gian xanh m\u00e1t t\u1eeb<br>h\u1ec7 th\u1ed1ng v\u01b0\u1eddn sinh th\u00e1i c\u1ee7a Malibu Walk.<\/p>\n","protected":false},"excerpt":{"rendered":"N\u01a0I T\u1eacN H\u01af\u1edeNGKHO\u1ea2NH KH\u1eaeC B\u00ccNH Y\u00caN N\u01a1i m\u00e0 b\u1ea1n c\u00f3 th\u1ec3 c\u1ea3m nh\u1eadn c\u00e1i \u00f4m \u00eam d\u1ecbu t\u1eeb thi\u00ean nhi\u00ean. T\u00e2m h\u1ed3n \u0111\u01b0\u1ee3c v\u1ed7 v\u1ec1 khi d\u00e0nh nh\u1eefng ph\u00fat b\u00ecnh y\u00ean l\u1eafng \u0111\u1ecdng ng\u1eafm nh\u00ecn quang c\u1ea3nh bi\u1ec3n h\u1ed3 r\u1ed9ng l\u1edbn, h\u00edt th\u1edfb\u1ea7u kh\u00f4ng kh\u00ed trong l\u00e0nh, hay \u0111i d\u1ea1o quanh cung \u0111\u01b0\u1eddng th\u01a1 m\u1ed9ng&#8230; <a class=\"view-article\" href=\"https:\/\/masterisehomes.com\/masteri-waterfront\/privacy-policy\/\">View Article<\/a>","protected":false},"author":1,"featured_media":1683,"parent":0,"menu_order":0,"comment_status":"closed","ping_status":"closed","template":"template\/page-default.php","meta":{"inline_featured_image":false,"footnotes":""},"class_list":["post-3260","page","type-page","status-publish","has-post-thumbnail","hentry"],"yoast_head":"<!-- This site is optimized with the Yoast SEO plugin v20.13 - https:\/\/yoast.com\/wordpress\/plugins\/seo\/ -->\n<title>Privacy Policy - Masteri Waterfront<\/title>\n<meta name=\"robots\" content=\"index, follow, max-snippet:-1, max-image-preview:large, max-video-preview:-1\" \/>\n<link rel=\"canonical\" href=\"https:\/\/masterisehomes.com\/masteri-waterfront\/privacy-policy\/\" \/>\n<meta property=\"og:locale\" content=\"vi_VN\" \/>\n<meta property=\"og:type\" content=\"article\" \/>\n<meta property=\"og:title\" content=\"Privacy Policy - Masteri Waterfront\" \/>\n<meta property=\"og:description\" content=\"N\u01a0I T\u1eacN H\u01af\u1edeNGKHO\u1ea2NH KH\u1eaeC B\u00ccNH Y\u00caN N\u01a1i m\u00e0 b\u1ea1n c\u00f3 th\u1ec3 c\u1ea3m nh\u1eadn c\u00e1i \u00f4m \u00eam d\u1ecbu t\u1eeb thi\u00ean nhi\u00ean. T\u00e2m h\u1ed3n \u0111\u01b0\u1ee3c v\u1ed7 v\u1ec1 khi d\u00e0nh nh\u1eefng ph\u00fat b\u00ecnh y\u00ean l\u1eafng \u0111\u1ecdng ng\u1eafm nh\u00ecn quang c\u1ea3nh bi\u1ec3n h\u1ed3 r\u1ed9ng l\u1edbn, h\u00edt th\u1edfb\u1ea7u kh\u00f4ng kh\u00ed trong l\u00e0nh, hay \u0111i d\u1ea1o quanh cung \u0111\u01b0\u1eddng th\u01a1 m\u1ed9ng... View Article\" \/>\n<meta property=\"og:url\" content=\"https:\/\/masterisehomes.com\/masteri-waterfront\/privacy-policy\/\" \/>\n<meta property=\"og:site_name\" content=\"Masteri Waterfront\" \/>\n<meta property=\"article:modified_time\" content=\"2023-09-22T08:17:00+00:00\" \/>\n<meta property=\"og:image\" content=\"https:\/\/masterisehomes.com\/masteri-waterfront\/wp-content\/uploads\/2023\/08\/option2-VIEW2-1-scaled.jpg\" \/>\n\t<meta property=\"og:image:width\" content=\"2560\" \/>\n\t<meta property=\"og:image:height\" content=\"2277\" \/>\n\t<meta property=\"og:image:type\" content=\"image\/jpeg\" \/>\n<meta name=\"twitter:card\" content=\"summary_large_image\" \/>\n<meta name=\"twitter:label1\" content=\"Est. reading time\" \/>\n\t<meta name=\"twitter:data1\" content=\"1 minute\" \/>\n<script type=\"application\/ld+json\" class=\"yoast-schema-graph\">{\"@context\":\"https:\/\/schema.org\",\"@graph\":[{\"@type\":\"WebPage\",\"@id\":\"https:\/\/masterisehomes.com\/masteri-waterfront\/privacy-policy\/\",\"url\":\"https:\/\/masterisehomes.com\/masteri-waterfront\/privacy-policy\/\",\"name\":\"Privacy Policy - Masteri Waterfront\",\"isPartOf\":{\"@id\":\"https:\/\/masterisehomes.com\/masteri-waterfront\/#website\"},\"datePublished\":\"2023-09-22T08:07:27+00:00\",\"dateModified\":\"2023-09-22T08:17:00+00:00\",\"breadcrumb\":{\"@id\":\"https:\/\/masterisehomes.com\/masteri-waterfront\/privacy-policy\/#breadcrumb\"},\"inLanguage\":\"vi-VN\",\"potentialAction\":[{\"@type\":\"ReadAction\",\"target\":[\"https:\/\/masterisehomes.com\/masteri-waterfront\/privacy-policy\/\"]}]},{\"@type\":\"BreadcrumbList\",\"@id\":\"https:\/\/masterisehomes.com\/masteri-waterfront\/privacy-policy\/#breadcrumb\",\"itemListElement\":[{\"@type\":\"ListItem\",\"position\":1,\"name\":\"Home\",\"item\":\"https:\/\/masterisehomes.com\/masteri-waterfront\/\"},{\"@type\":\"ListItem\",\"position\":2,\"name\":\"Privacy Policy\"}]},{\"@type\":\"WebSite\",\"@id\":\"https:\/\/masterisehomes.com\/masteri-waterfront\/#website\",\"url\":\"https:\/\/masterisehomes.com\/masteri-waterfront\/\",\"name\":\"Masteri Waterfront\",\"description\":\"Masteri Waterfront\",\"potentialAction\":[{\"@type\":\"SearchAction\",\"target\":{\"@type\":\"EntryPoint\",\"urlTemplate\":\"https:\/\/masterisehomes.com\/masteri-waterfront\/?s={search_term_string}\"},\"query-input\":\"required name=search_term_string\"}],\"inLanguage\":\"vi-VN\"}]}<\/script>\n<!-- \/ Yoast SEO plugin. -->","yoast_head_json":{"title":"Privacy Policy - Masteri Waterfront","robots":{"index":"index","follow":"follow","max-snippet":"max-snippet:-1","max-image-preview":"max-image-preview:large","max-video-preview":"max-video-preview:-1"},"canonical":"https:\/\/masterisehomes.com\/masteri-waterfront\/privacy-policy\/","og_locale":"vi_VN","og_type":"article","og_title":"Privacy Policy - Masteri Waterfront","og_description":"N\u01a0I T\u1eacN H\u01af\u1edeNGKHO\u1ea2NH KH\u1eaeC B\u00ccNH Y\u00caN N\u01a1i m\u00e0 b\u1ea1n c\u00f3 th\u1ec3 c\u1ea3m nh\u1eadn c\u00e1i \u00f4m \u00eam d\u1ecbu t\u1eeb thi\u00ean nhi\u00ean. T\u00e2m h\u1ed3n \u0111\u01b0\u1ee3c v\u1ed7 v\u1ec1 khi d\u00e0nh nh\u1eefng ph\u00fat b\u00ecnh y\u00ean l\u1eafng \u0111\u1ecdng ng\u1eafm nh\u00ecn quang c\u1ea3nh bi\u1ec3n h\u1ed3 r\u1ed9ng l\u1edbn, h\u00edt th\u1edfb\u1ea7u kh\u00f4ng kh\u00ed trong l\u00e0nh, hay \u0111i d\u1ea1o quanh cung \u0111\u01b0\u1eddng th\u01a1 m\u1ed9ng... View Article","og_url":"https:\/\/masterisehomes.com\/masteri-waterfront\/privacy-policy\/","og_site_name":"Masteri Waterfront","article_modified_time":"2023-09-22T08:17:00+00:00","og_image":[{"width":2560,"height":2277,"url":"https:\/\/masterisehomes.com\/masteri-waterfront\/wp-content\/uploads\/2023\/08\/option2-VIEW2-1-scaled.jpg","type":"image\/jpeg"}],"twitter_card":"summary_large_image","twitter_misc":{"Est. reading time":"1 minute"},"schema":{"@context":"https:\/\/schema.org","@graph":[{"@type":"WebPage","@id":"https:\/\/masterisehomes.com\/masteri-waterfront\/privacy-policy\/","url":"https:\/\/masterisehomes.com\/masteri-waterfront\/privacy-policy\/","name":"Privacy Policy - Masteri Waterfront","isPartOf":{"@id":"https:\/\/masterisehomes.com\/masteri-waterfront\/#website"},"datePublished":"2023-09-22T08:07:27+00:00","dateModified":"2023-09-22T08:17:00+00:00","breadcrumb":{"@id":"https:\/\/masterisehomes.com\/masteri-waterfront\/privacy-policy\/#breadcrumb"},"inLanguage":"vi-VN","potentialAction":[{"@type":"ReadAction","target":["https:\/\/masterisehomes.com\/masteri-waterfront\/privacy-policy\/"]}]},{"@type":"BreadcrumbList","@id":"https:\/\/masterisehomes.com\/masteri-waterfront\/privacy-policy\/#breadcrumb","itemListElement":[{"@type":"ListItem","position":1,"name":"Home","item":"https:\/\/masterisehomes.com\/masteri-waterfront\/"},{"@type":"ListItem","position":2,"name":"Privacy Policy"}]},{"@type":"WebSite","@id":"https:\/\/masterisehomes.com\/masteri-waterfront\/#website","url":"https:\/\/masterisehomes.com\/masteri-waterfront\/","name":"Masteri Waterfront","description":"Masteri Waterfront","potentialAction":[{"@type":"SearchAction","target":{"@type":"EntryPoint","urlTemplate":"https:\/\/masterisehomes.com\/masteri-waterfront\/?s={search_term_string}"},"query-input":"required name=search_term_string"}],"inLanguage":"vi-VN"}]}},"acf":[],"_links":{"self":[{"href":"https:\/\/masterisehomes.com\/masteri-waterfront\/wp-json\/wp\/v2\/pages\/3260","targetHints":{"allow":["GET"]}}],"collection":[{"href":"https:\/\/masterisehomes.com\/masteri-waterfront\/wp-json\/wp\/v2\/pages"}],"about":[{"href":"https:\/\/masterisehomes.com\/masteri-waterfront\/wp-json\/wp\/v2\/types\/page"}],"author":[{"embeddable":true,"href":"https:\/\/masterisehomes.com\/masteri-waterfront\/wp-json\/wp\/v2\/users\/1"}],"replies":[{"embeddable":true,"href":"https:\/\/masterisehomes.com\/masteri-waterfront\/wp-json\/wp\/v2\/comments?post=3260"}],"version-history":[{"count":2,"href":"https:\/\/masterisehomes.com\/masteri-waterfront\/wp-json\/wp\/v2\/pages\/3260\/revisions"}],"predecessor-version":[{"id":3264,"href":"https:\/\/masterisehomes.com\/masteri-waterfront\/wp-json\/wp\/v2\/pages\/3260\/revisions\/3264"}],"wp:featuredmedia":[{"embeddable":true,"href":"https:\/\/masterisehomes.com\/masteri-waterfront\/wp-json\/wp\/v2\/media\/1683"}],"wp:attachment":[{"href":"https:\/\/masterisehomes.com\/masteri-waterfront\/wp-json\/wp\/v2\/media?parent=3260"}],"curies":[{"name":"wp","href":"https:\/\/api.w.org\/{rel}","templated":true}]}}