{"id":1062,"date":"2024-09-19T07:53:20","date_gmt":"2024-09-19T07:53:20","guid":{"rendered":"https:\/\/bdsluwe.goterest.com\/?page_id=1062"},"modified":"2024-11-20T10:27:26","modified_gmt":"2024-11-20T10:27:26","slug":"home","status":"publish","type":"page","link":"https:\/\/masterisehomes.com\/lumiere-springbay","title":{"rendered":"Home"},"content":{"rendered":"","protected":false},"excerpt":{"rendered":"","protected":false},"author":1,"featured_media":1920,"parent":0,"menu_order":0,"comment_status":"closed","ping_status":"closed","template":"template\/index.php","meta":{"inline_featured_image":false,"footnotes":""},"class_list":["post-1062","page","type-page","status-publish","has-post-thumbnail","hentry"],"yoast_head":"<!-- This site is optimized with the Yoast SEO plugin v23.0 - https:\/\/yoast.com\/wordpress\/plugins\/seo\/ -->\n<title>D\u1ef0 \u00c1N CAO T\u1ea6NG TI\u00caN PHONG KH\u1edeI NGU\u1ed2N GI\u00c1 TR\u1eca S\u1ed0NG \u0110A TR\u1ea2I NGHI\u1ec6M<\/title>\n<meta name=\"description\" content=\"Ti\u1ebfp n\u1ed1i th\u00e0nh c\u00f4ng t\u1eeb b\u1ed9 s\u01b0u t\u1eadp LUMI\u00c8RE series t\u1ea1i ph\u00eda T\u00e2y H\u00e0 N\u1ed9i, nh\u00e0 ph\u00e1t tri\u1ec3n b\u1ea5t \u0111\u1ed9ng s\u1ea3n qu\u1ed1c t\u1ebf Masterise Homes\u00ae ti\u1ebfp t\u1ee5c ki\u1ebfn t\u1ea1o d\u1ea5u \u1ea5n v\u1edbi d\u1ef1 \u00e1n LUMI\u00c8RE SpringBay \u2013 D\u1ef1 \u00e1n cao t\u1ea7ng ti\u00ean phong kh\u1edfi ngu\u1ed3n gi\u00e1 tr\u1ecb s\u1ed1ng \u0111a tr\u1ea3i nghi\u1ec7m t\u1ea1i tr\u00e1i tim Ocean Park 2 \u2013 Ocean City H\u00e0 N\u1ed9i.\" \/>\n<meta name=\"robots\" content=\"noindex, follow, max-snippet:-1, max-image-preview:large, max-video-preview:-1\" \/>\n<meta property=\"og:locale\" content=\"vi_VN\" \/>\n<meta property=\"og:type\" content=\"article\" \/>\n<meta property=\"og:title\" content=\"D\u1ef0 \u00c1N CAO T\u1ea6NG TI\u00caN PHONG KH\u1edeI NGU\u1ed2N GI\u00c1 TR\u1eca S\u1ed0NG \u0110A TR\u1ea2I NGHI\u1ec6M\" \/>\n<meta property=\"og:description\" content=\"Ti\u1ebfp n\u1ed1i th\u00e0nh c\u00f4ng t\u1eeb b\u1ed9 s\u01b0u t\u1eadp LUMI\u00c8RE series t\u1ea1i ph\u00eda T\u00e2y H\u00e0 N\u1ed9i, nh\u00e0 ph\u00e1t tri\u1ec3n b\u1ea5t \u0111\u1ed9ng s\u1ea3n qu\u1ed1c t\u1ebf Masterise Homes\u00ae ti\u1ebfp t\u1ee5c ki\u1ebfn t\u1ea1o d\u1ea5u \u1ea5n v\u1edbi d\u1ef1 \u00e1n LUMI\u00c8RE SpringBay \u2013 D\u1ef1 \u00e1n cao t\u1ea7ng ti\u00ean phong kh\u1edfi ngu\u1ed3n gi\u00e1 tr\u1ecb s\u1ed1ng \u0111a tr\u1ea3i nghi\u1ec7m t\u1ea1i tr\u00e1i tim Ocean Park 2 \u2013 Ocean City H\u00e0 N\u1ed9i.\" \/>\n<meta property=\"og:url\" content=\"https:\/\/masterisehomes.com\/lumiere-springbay\" \/>\n<meta property=\"og:site_name\" content=\"Lumiere SpringBay\" \/>\n<meta property=\"article:modified_time\" content=\"2024-11-20T10:27:26+00:00\" \/>\n<meta property=\"og:image\" content=\"https:\/\/masterisehomes.com\/lumiere-springbay\/wp-content\/uploads\/2024\/10\/jpeg-optimizer_V01_MR_CT04_Masterplan_01-1.jpg\" \/>\n\t<meta property=\"og:image:width\" content=\"1920\" \/>\n\t<meta property=\"og:image:height\" content=\"1080\" \/>\n\t<meta property=\"og:image:type\" content=\"image\/jpeg\" \/>\n<meta name=\"twitter:card\" content=\"summary_large_image\" \/>\n<meta name=\"twitter:title\" content=\"D\u1ef0 \u00c1N CAO T\u1ea6NG TI\u00caN PHONG KH\u1edeI NGU\u1ed2N GI\u00c1 TR\u1eca S\u1ed0NG \u0110A TR\u1ea2I NGHI\u1ec6M\" \/>\n<meta name=\"twitter:description\" content=\"Ti\u1ebfp n\u1ed1i th\u00e0nh c\u00f4ng t\u1eeb b\u1ed9 s\u01b0u t\u1eadp LUMI\u00c8RE series t\u1ea1i ph\u00eda T\u00e2y H\u00e0 N\u1ed9i, nh\u00e0 ph\u00e1t tri\u1ec3n b\u1ea5t \u0111\u1ed9ng s\u1ea3n qu\u1ed1c t\u1ebf Masterise Homes\u00ae ti\u1ebfp t\u1ee5c ki\u1ebfn t\u1ea1o d\u1ea5u \u1ea5n v\u1edbi d\u1ef1 \u00e1n LUMI\u00c8RE SpringBay \u2013 D\u1ef1 \u00e1n cao t\u1ea7ng ti\u00ean phong kh\u1edfi ngu\u1ed3n gi\u00e1 tr\u1ecb s\u1ed1ng \u0111a tr\u1ea3i nghi\u1ec7m t\u1ea1i tr\u00e1i tim Ocean Park 2 \u2013 Ocean City H\u00e0 N\u1ed9i.\" \/>\n<meta name=\"twitter:image\" content=\"https:\/\/masterisehomes.com\/lumiere-springbay\/wp-content\/uploads\/2024\/10\/jpeg-optimizer_V01_MR_CT04_Masterplan_01-1.jpg\" \/>\n<meta name=\"twitter:label1\" content=\"Est. reading time\" \/>\n\t<meta name=\"twitter:data1\" content=\"1 minute\" \/>\n<script type=\"application\/ld+json\" class=\"yoast-schema-graph\">{\"@context\":\"https:\/\/schema.org\",\"@graph\":[{\"@type\":\"WebPage\",\"@id\":\"https:\/\/masterisehomes.com\/lumiere-springbay\",\"url\":\"https:\/\/masterisehomes.com\/lumiere-springbay\",\"name\":\"D\u1ef0 \u00c1N CAO T\u1ea6NG TI\u00caN PHONG KH\u1edeI NGU\u1ed2N GI\u00c1 TR\u1eca S\u1ed0NG \u0110A TR\u1ea2I NGHI\u1ec6M\",\"isPartOf\":{\"@id\":\"https:\/\/masterisehomes.com\/lumiere-springbay\/#website\"},\"primaryImageOfPage\":{\"@id\":\"https:\/\/masterisehomes.com\/lumiere-springbay#primaryimage\"},\"image\":{\"@id\":\"https:\/\/masterisehomes.com\/lumiere-springbay#primaryimage\"},\"thumbnailUrl\":\"https:\/\/masterisehomes.com\/lumiere-springbay\/wp-content\/uploads\/2024\/10\/jpeg-optimizer_V01_MR_CT04_Masterplan_01-1.jpg\",\"datePublished\":\"2024-09-19T07:53:20+00:00\",\"dateModified\":\"2024-11-20T10:27:26+00:00\",\"description\":\"Ti\u1ebfp n\u1ed1i th\u00e0nh c\u00f4ng t\u1eeb b\u1ed9 s\u01b0u t\u1eadp LUMI\u00c8RE series t\u1ea1i ph\u00eda T\u00e2y H\u00e0 N\u1ed9i, nh\u00e0 ph\u00e1t tri\u1ec3n b\u1ea5t \u0111\u1ed9ng s\u1ea3n qu\u1ed1c t\u1ebf Masterise Homes\u00ae ti\u1ebfp t\u1ee5c ki\u1ebfn t\u1ea1o d\u1ea5u \u1ea5n v\u1edbi d\u1ef1 \u00e1n LUMI\u00c8RE SpringBay \u2013 D\u1ef1 \u00e1n cao t\u1ea7ng ti\u00ean phong kh\u1edfi ngu\u1ed3n gi\u00e1 tr\u1ecb s\u1ed1ng \u0111a tr\u1ea3i nghi\u1ec7m t\u1ea1i tr\u00e1i tim Ocean Park 2 \u2013 Ocean City H\u00e0 N\u1ed9i.\",\"breadcrumb\":{\"@id\":\"https:\/\/masterisehomes.com\/lumiere-springbay#breadcrumb\"},\"inLanguage\":\"vi-VN\",\"potentialAction\":[{\"@type\":\"ReadAction\",\"target\":[\"https:\/\/masterisehomes.com\/lumiere-springbay\"]}]},{\"@type\":\"ImageObject\",\"inLanguage\":\"vi-VN\",\"@id\":\"https:\/\/masterisehomes.com\/lumiere-springbay#primaryimage\",\"url\":\"https:\/\/masterisehomes.com\/lumiere-springbay\/wp-content\/uploads\/2024\/10\/jpeg-optimizer_V01_MR_CT04_Masterplan_01-1.jpg\",\"contentUrl\":\"https:\/\/masterisehomes.com\/lumiere-springbay\/wp-content\/uploads\/2024\/10\/jpeg-optimizer_V01_MR_CT04_Masterplan_01-1.jpg\",\"width\":1920,\"height\":1080},{\"@type\":\"BreadcrumbList\",\"@id\":\"https:\/\/masterisehomes.com\/lumiere-springbay#breadcrumb\",\"itemListElement\":[{\"@type\":\"ListItem\",\"position\":1,\"name\":\"Home\",\"item\":\"https:\/\/masterisehomes.com\/lumiere-springbay\"},{\"@type\":\"ListItem\",\"position\":2,\"name\":\"Home\"}]},{\"@type\":\"WebSite\",\"@id\":\"https:\/\/masterisehomes.com\/lumiere-springbay\/#website\",\"url\":\"https:\/\/masterisehomes.com\/lumiere-springbay\/\",\"name\":\"Lumiere SpringBay\",\"description\":\"D\u1ef0 \u00c1N CAO T\u1ea6NG TI\u00caN PHONG KH\u1edeI NGU\u1ed2N GI\u00c1 TR\u1eca S\u1ed0NG \u0110A TR\u1ea2I NGHI\u1ec6M\",\"potentialAction\":[{\"@type\":\"SearchAction\",\"target\":{\"@type\":\"EntryPoint\",\"urlTemplate\":\"https:\/\/masterisehomes.com\/lumiere-springbay\/?s={search_term_string}\"},\"query-input\":\"required name=search_term_string\"}],\"inLanguage\":\"vi-VN\"}]}<\/script>\n<!-- \/ Yoast SEO plugin. -->","yoast_head_json":{"title":"D\u1ef0 \u00c1N CAO T\u1ea6NG TI\u00caN PHONG KH\u1edeI NGU\u1ed2N GI\u00c1 TR\u1eca S\u1ed0NG \u0110A TR\u1ea2I NGHI\u1ec6M","description":"Ti\u1ebfp n\u1ed1i th\u00e0nh c\u00f4ng t\u1eeb b\u1ed9 s\u01b0u t\u1eadp LUMI\u00c8RE series t\u1ea1i ph\u00eda T\u00e2y H\u00e0 N\u1ed9i, nh\u00e0 ph\u00e1t tri\u1ec3n b\u1ea5t \u0111\u1ed9ng s\u1ea3n qu\u1ed1c t\u1ebf Masterise Homes\u00ae ti\u1ebfp t\u1ee5c ki\u1ebfn t\u1ea1o d\u1ea5u \u1ea5n v\u1edbi d\u1ef1 \u00e1n LUMI\u00c8RE SpringBay \u2013 D\u1ef1 \u00e1n cao t\u1ea7ng ti\u00ean phong kh\u1edfi ngu\u1ed3n gi\u00e1 tr\u1ecb s\u1ed1ng \u0111a tr\u1ea3i nghi\u1ec7m t\u1ea1i tr\u00e1i tim Ocean Park 2 \u2013 Ocean City H\u00e0 N\u1ed9i.","robots":{"index":"noindex","follow":"follow","max-snippet":"max-snippet:-1","max-image-preview":"max-image-preview:large","max-video-preview":"max-video-preview:-1"},"og_locale":"vi_VN","og_type":"article","og_title":"D\u1ef0 \u00c1N CAO T\u1ea6NG TI\u00caN PHONG KH\u1edeI NGU\u1ed2N GI\u00c1 TR\u1eca S\u1ed0NG \u0110A TR\u1ea2I NGHI\u1ec6M","og_description":"Ti\u1ebfp n\u1ed1i th\u00e0nh c\u00f4ng t\u1eeb b\u1ed9 s\u01b0u t\u1eadp LUMI\u00c8RE series t\u1ea1i ph\u00eda T\u00e2y H\u00e0 N\u1ed9i, nh\u00e0 ph\u00e1t tri\u1ec3n b\u1ea5t \u0111\u1ed9ng s\u1ea3n qu\u1ed1c t\u1ebf Masterise Homes\u00ae ti\u1ebfp t\u1ee5c ki\u1ebfn t\u1ea1o d\u1ea5u \u1ea5n v\u1edbi d\u1ef1 \u00e1n LUMI\u00c8RE SpringBay \u2013 D\u1ef1 \u00e1n cao t\u1ea7ng ti\u00ean phong kh\u1edfi ngu\u1ed3n gi\u00e1 tr\u1ecb s\u1ed1ng \u0111a tr\u1ea3i nghi\u1ec7m t\u1ea1i tr\u00e1i tim Ocean Park 2 \u2013 Ocean City H\u00e0 N\u1ed9i.","og_url":"https:\/\/masterisehomes.com\/lumiere-springbay","og_site_name":"Lumiere SpringBay","article_modified_time":"2024-11-20T10:27:26+00:00","og_image":[{"width":1920,"height":1080,"url":"https:\/\/masterisehomes.com\/lumiere-springbay\/wp-content\/uploads\/2024\/10\/jpeg-optimizer_V01_MR_CT04_Masterplan_01-1.jpg","type":"image\/jpeg"}],"twitter_card":"summary_large_image","twitter_title":"D\u1ef0 \u00c1N CAO T\u1ea6NG TI\u00caN PHONG KH\u1edeI NGU\u1ed2N GI\u00c1 TR\u1eca S\u1ed0NG \u0110A TR\u1ea2I NGHI\u1ec6M","twitter_description":"Ti\u1ebfp n\u1ed1i th\u00e0nh c\u00f4ng t\u1eeb b\u1ed9 s\u01b0u t\u1eadp LUMI\u00c8RE series t\u1ea1i ph\u00eda T\u00e2y H\u00e0 N\u1ed9i, nh\u00e0 ph\u00e1t tri\u1ec3n b\u1ea5t \u0111\u1ed9ng s\u1ea3n qu\u1ed1c t\u1ebf Masterise Homes\u00ae ti\u1ebfp t\u1ee5c ki\u1ebfn t\u1ea1o d\u1ea5u \u1ea5n v\u1edbi d\u1ef1 \u00e1n LUMI\u00c8RE SpringBay \u2013 D\u1ef1 \u00e1n cao t\u1ea7ng ti\u00ean phong kh\u1edfi ngu\u1ed3n gi\u00e1 tr\u1ecb s\u1ed1ng \u0111a tr\u1ea3i nghi\u1ec7m t\u1ea1i tr\u00e1i tim Ocean Park 2 \u2013 Ocean City H\u00e0 N\u1ed9i.","twitter_image":"https:\/\/masterisehomes.com\/lumiere-springbay\/wp-content\/uploads\/2024\/10\/jpeg-optimizer_V01_MR_CT04_Masterplan_01-1.jpg","twitter_misc":{"Est. reading time":"1 minute"},"schema":{"@context":"https:\/\/schema.org","@graph":[{"@type":"WebPage","@id":"https:\/\/masterisehomes.com\/lumiere-springbay","url":"https:\/\/masterisehomes.com\/lumiere-springbay","name":"D\u1ef0 \u00c1N CAO T\u1ea6NG TI\u00caN PHONG KH\u1edeI NGU\u1ed2N GI\u00c1 TR\u1eca S\u1ed0NG \u0110A TR\u1ea2I NGHI\u1ec6M","isPartOf":{"@id":"https:\/\/masterisehomes.com\/lumiere-springbay\/#website"},"primaryImageOfPage":{"@id":"https:\/\/masterisehomes.com\/lumiere-springbay#primaryimage"},"image":{"@id":"https:\/\/masterisehomes.com\/lumiere-springbay#primaryimage"},"thumbnailUrl":"https:\/\/masterisehomes.com\/lumiere-springbay\/wp-content\/uploads\/2024\/10\/jpeg-optimizer_V01_MR_CT04_Masterplan_01-1.jpg","datePublished":"2024-09-19T07:53:20+00:00","dateModified":"2024-11-20T10:27:26+00:00","description":"Ti\u1ebfp n\u1ed1i th\u00e0nh c\u00f4ng t\u1eeb b\u1ed9 s\u01b0u t\u1eadp LUMI\u00c8RE series t\u1ea1i ph\u00eda T\u00e2y H\u00e0 N\u1ed9i, nh\u00e0 ph\u00e1t tri\u1ec3n b\u1ea5t \u0111\u1ed9ng s\u1ea3n qu\u1ed1c t\u1ebf Masterise Homes\u00ae ti\u1ebfp t\u1ee5c ki\u1ebfn t\u1ea1o d\u1ea5u \u1ea5n v\u1edbi d\u1ef1 \u00e1n LUMI\u00c8RE SpringBay \u2013 D\u1ef1 \u00e1n cao t\u1ea7ng ti\u00ean phong kh\u1edfi ngu\u1ed3n gi\u00e1 tr\u1ecb s\u1ed1ng \u0111a tr\u1ea3i nghi\u1ec7m t\u1ea1i tr\u00e1i tim Ocean Park 2 \u2013 Ocean City H\u00e0 N\u1ed9i.","breadcrumb":{"@id":"https:\/\/masterisehomes.com\/lumiere-springbay#breadcrumb"},"inLanguage":"vi-VN","potentialAction":[{"@type":"ReadAction","target":["https:\/\/masterisehomes.com\/lumiere-springbay"]}]},{"@type":"ImageObject","inLanguage":"vi-VN","@id":"https:\/\/masterisehomes.com\/lumiere-springbay#primaryimage","url":"https:\/\/masterisehomes.com\/lumiere-springbay\/wp-content\/uploads\/2024\/10\/jpeg-optimizer_V01_MR_CT04_Masterplan_01-1.jpg","contentUrl":"https:\/\/masterisehomes.com\/lumiere-springbay\/wp-content\/uploads\/2024\/10\/jpeg-optimizer_V01_MR_CT04_Masterplan_01-1.jpg","width":1920,"height":1080},{"@type":"BreadcrumbList","@id":"https:\/\/masterisehomes.com\/lumiere-springbay#breadcrumb","itemListElement":[{"@type":"ListItem","position":1,"name":"Home","item":"https:\/\/masterisehomes.com\/lumiere-springbay"},{"@type":"ListItem","position":2,"name":"Home"}]},{"@type":"WebSite","@id":"https:\/\/masterisehomes.com\/lumiere-springbay\/#website","url":"https:\/\/masterisehomes.com\/lumiere-springbay\/","name":"Lumiere SpringBay","description":"D\u1ef0 \u00c1N CAO T\u1ea6NG TI\u00caN PHONG KH\u1edeI NGU\u1ed2N GI\u00c1 TR\u1eca S\u1ed0NG \u0110A TR\u1ea2I NGHI\u1ec6M","potentialAction":[{"@type":"SearchAction","target":{"@type":"EntryPoint","urlTemplate":"https:\/\/masterisehomes.com\/lumiere-springbay\/?s={search_term_string}"},"query-input":"required name=search_term_string"}],"inLanguage":"vi-VN"}]}},"_links":{"self":[{"href":"https:\/\/masterisehomes.com\/lumiere-springbay\/wp-json\/wp\/v2\/pages\/1062","targetHints":{"allow":["GET"]}}],"collection":[{"href":"https:\/\/masterisehomes.com\/lumiere-springbay\/wp-json\/wp\/v2\/pages"}],"about":[{"href":"https:\/\/masterisehomes.com\/lumiere-springbay\/wp-json\/wp\/v2\/types\/page"}],"author":[{"embeddable":true,"href":"https:\/\/masterisehomes.com\/lumiere-springbay\/wp-json\/wp\/v2\/users\/1"}],"replies":[{"embeddable":true,"href":"https:\/\/masterisehomes.com\/lumiere-springbay\/wp-json\/wp\/v2\/comments?post=1062"}],"version-history":[{"count":146,"href":"https:\/\/masterisehomes.com\/lumiere-springbay\/wp-json\/wp\/v2\/pages\/1062\/revisions"}],"predecessor-version":[{"id":4056,"href":"https:\/\/masterisehomes.com\/lumiere-springbay\/wp-json\/wp\/v2\/pages\/1062\/revisions\/4056"}],"wp:featuredmedia":[{"embeddable":true,"href":"https:\/\/masterisehomes.com\/lumiere-springbay\/wp-json\/wp\/v2\/media\/1920"}],"wp:attachment":[{"href":"https:\/\/masterisehomes.com\/lumiere-springbay\/wp-json\/wp\/v2\/media?parent=1062"}],"curies":[{"name":"wp","href":"https:\/\/api.w.org\/{rel}","templated":true}]}}